v) is divided by 29.
28
Let x = -29 - -33. Suppose -3*h - c = -4*c - 9, 4*h = -x*c + 36. Calculate the remainder when h is divided by 2.
0
Let d be (-5)/(20/(-16)) + 12. Suppose -42 = -19*q + d*q. Let g = q - -3. Calculate the remainder when 49 is divided by g.
15
Suppose 645 = 12*u - 243. What is the remainder when u is divided by 4?
2
Suppose -197 = -y + 22. Calculate the remainder when y is divided by 73.
0
Let a be 3*(-33)/(-9) - 1. Suppose 12*l - a*l - 22 = 0. Calculate the remainder when 52 is divided by l.
8
Let l be (-1 + (-8)/(-6))/(3/45). Suppose -5*a - 25 = 0, 5*k - l*a - 68 + 8 = 0. What is the remainder when (0 + 22)/2*1 is divided by k?
4
What is the remainder when 270 is divided by (-120)/(-14) + (-68)/119?
6
Let w(n) = n**2 - 2 + 8*n - 6 + 16. Calculate the remainder when 32 is divided by w(-9).
15
Suppose 5*d - 4*v = 3*d, 5*v = -3*d + 55. What is the remainder when d is divided by 8?
2
Suppose -5*i + 214 = -171. Suppose 0*o - i = -o. What is the remainder when o is divided by 16?
13
What is the remainder when (-357)/(-5)*(15 + -18 + 8) is divided by 28?
21
Let o(n) = 25*n - 9. Calculate the remainder when 67 is divided by o(1).
3
Let c be -3 + -1 + (-5)/(-1). Calculate the remainder when -5 + c + 51 + 0 is divided by 10.
7
Suppose 216 = -0*a + 5*a + 4*j, 0 = 4*a + j - 164. Let u = 255 - 98. What is the remainder when u is divided by a?
37
Suppose c + 34 = 3*c. Let d = c + 102. Calculate the remainder when d is divided by 60.
59
Let i(z) = z**2 - 13*z - 45. What is the remainder when i(-7) is divided by 48?
47
Suppose -y + 3*y = 18. Let m(w) = -6*w - 166. What is the remainder when m(-38) is divided by y?
8
Suppose 0 = -28*j + 36*j - 1224. Calculate the remainder when j is divided by 52.
49
Let t be (34/(-10))/((-3)/15). Suppose -16*w + t*w - 25 = 0. Calculate the remainder when w is divided by 2*(54/4)/3.
7
Let x = 215 + -194. Suppose -48 = -4*a - 4*d, 0*d + 1 = d. Calculate the remainder when x is divided by a.
10
Suppose -2657 = -4*m - j, -2*j = 3*m + 2*m - 3322. What is the remainder when m is divided by 134?
128
Let t(h) = -14*h**3 - 1. Let d(w) = -w**3 - w**2 + 3*w + 24. Let l be d(0). Suppose y - l = -1. Calculate the remainder when y is divided by t(-1).
10
Suppose -3*n + 3*p + 15 = 0, 4*n - 7 = p + 19. What is the remainder when (108/21)/(2/n) is divided by 4?
2
Let r(s) = s**3 - 15*s**2 + 16*s - 25. Let o be r(14). Calculate the remainder when -3 - ((-41)/3 - 1/o) is divided by 4.
3
Let y = -16 + 11. What is the remainder when 15 is divided by -3 + (-7)/(y - -4)?
3
Suppose 0 = r + 2*c - 1, -3*r + 48 = -3*c. Let v = -1 - -7. What is the remainder when r is divided by v?
5
Suppose -2379 = -94*a + 81*a. Calculate the remainder when a is divided by 92.
91
Suppose -4*w - 2*r + 11 = -3*w, -6 = -2*r. Suppose 0 = -0*f - f + 16. What is the remainder when f is divided by w?
1
Suppose 7*b = 9*b - 236. Suppose -12*r - b = -334. What is the remainder when r is divided by 10?
8
Calculate the remainder when (-2)/8 - (16 + (-6544)/64) is divided by 30.
26
Let q = 1104 - 787. What is the remainder when q is divided by 64?
61
Suppose 4*u + 12 = 36. Let j = u - -2. Calculate the remainder when 22 is divided by j.
6
Let j = -138 - -147. Suppose 12*g = j*g + 75. What is the remainder when 147 is divided by g?
22
Suppose 0 = -24*d - 7*d + 1705. Calculate the remainder when d is divided by 16.
7
Let r(z) = -z**3 - 16*z**2 - 15*z + 16. Let d be r(-15). Suppose -l - 4*l = h - d, -2*l = 5*h - 149. What is the remainder when 91 is divided by h?
29
Suppose 4*o + 560 = j, 5*j = -12*o + 8*o + 2824. What is the remainder when j is divided by 63?
60
Suppose -4*t + 77 = 3*y - 25, 0 = -5*t + 2*y + 139. Let z = 1 + -1. What is the remainder when t is divided by 1 + (z - 56/(-4))?
12
Suppose 4*w + 82 = 278. What is the remainder when 116 is divided by w?
18
Let s(b) = 39*b. Let x(d) = 29*d**2 - 82*d - 164. Calculate the remainder when x(-2) is divided by s(1).
38
Let h be 0/(1/3*3). Suppose h = -4*v + 16 + 8. Calculate the remainder when (-5 - -2)*(-69)/(-9)*-1 is divided by v.
5
Suppose -4*y + 0*x - 78 = -5*x, -5*x + 10 = 0. Let g = y - -30. Let p(j) = -11*j - 6. What is the remainder when p(-4) is divided by g?
12
Calculate the remainder when 249 is divided by -2*(6 + 504/(-16)).
45
Suppose 0 = -5*k - 20, -20 = p - 2*k - 133. Calculate the remainder when p is divided by 13.
1
Suppose 2*r = -3*j + 4*r + 233, -5*j + 379 = -r. What is the remainder when 273 is divided by j?
48
Let n be ((-4)/(-2))/(3/(-12)*1). Let p = n + 22. Calculate the remainder when 2*1*(-54)/(-4) is divided by p.
13
Suppose o = -3*f + 25, 33 = -5*f + 4*o + 86. What is the remainder when 152 is divided by f?
8
Let s be (-2 - 1*-4)*2. Suppose 3*d + s*q = 6*d - 74, 2*q = -4*d + 106. What is the remainder when d is divided by 1071/147 + (-2)/7?
5
Suppose -4*j - 5*n + 77 = 0, -3*j = 3*n - 2*n - 44. Let u(q) = -6*q + 8. Calculate the remainder when u(-7) is divided by j.
11
Suppose 2 = -v + r, -2*v + 3*r = 4 + 4. Suppose -v*f + 252 = f. What is the remainder when f is divided by 29?
26
Let o be 1*(-69 - (0 + 2)). Let c = -51 - o. What is the remainder when 39 is divided by c?
19
Suppose 8*z - 739 - 3773 = 0. What is the remainder when z is divided by 5?
4
Let p be 6/(-8) - -1*118/8. Let b = p + 24. What is the remainder when b is divided by 21?
17
Let a be 51/7 - 4/14. Let i = 23 - a. What is the remainder when 44 is divided by i?
12
Let n(g) = g**2 + 28*g + 264. Calculate the remainder when n(-31) is divided by 18.
15
Let a be ((-20)/(-50))/((-2)/10) + 5. Let f(n) = -10*n + 33. What is the remainder when 24 is divided by f(a)?
0
Let t = 581 - 556. Calculate the remainder when 142 is divided by t.
17
Let y(m) = -m**2 - 4*m + 1. Let q(b) = -10 + 6*b**2 - 13*b**2 + 7*b + 8*b**2. Let d be q(-8). Calculate the remainder when 6 is divided by y(d).
1
Suppose 47 = g + 3*n, -n = 3*g + 4*n - 121. Let k = -14 + g. Let m = 15 - 8. What is the remainder when k is divided by m?
4
Suppose 1256 + 0 = 8*w. What is the remainder when w is divided by 8?
5
Suppose 3*c = 5*n + 99, 3*c + 4*n - 63 = 9. What is the remainder when 80 is divided by c?
24
Let f = -400 - -428. What is the remainder when 86 is divided by f?
2
Suppose 3*n - 3*v = 9, 2*n - 5*v - 9 = -n. Suppose o = 6 - n, -125 = -5*w + 5*o. Let h = 233 - 222. Calculate the remainder when w is divided by h.
6
Let b be 2/(-7) - (216/(-21) + 3). Let o(d) = d**3 - 10*d**2 + 22*d. What is the remainder when 18 is divided by o(b)?
4
Let r be 90/8 + (-7)/28 - 3. Suppose d - 4*v + r - 42 = 0, -5*d - 4*v + 122 = 0. Let i(b) = b**2 - 4*b + 5. Calculate the remainder when i(-5) is divided by d.
24
Let q(a) = -a**3 - a**2 - 3*a + 1. Let n be q(-3). Suppose 2*s + n = 4*j, 3*s = 2*j - s - 26. Calculate the remainder when 19 is divided by j.
4
Let m(n) = -n**3 + 31*n**2 + 33*n - 18. Let x be m(32). Suppose s + x = 2*h - 23, s = -2*h + 35. What is the remainder when 35 is divided by h?
17
What is the remainder when (496/(-48))/((-3)/(3 + 6)) is divided by 11?
9
Let m be -2 + 2 + -2 + 4. Suppose -11*k = -m*k - 90. What is the remainder when k is divided by 4?
2
Let a = -69 + 80. Calculate the remainder when 25 is divided by a.
3
Suppose -p + 23 = 17. Let v(t) = -t**2 + 5*t + 2. Let i be v(p). Calculate the remainder when 58 is divided by 12/i - (-1 + -12).
8
Suppose -2*t - 2*u = -20, 186*u - 181*u - 1 = 2*t. Calculate the remainder when -36*2*1/(-3) is divided by t.
3
Let p = 21 + 137. Let q(z) = -z + 56. What is the remainder when p is divided by q(24)?
30
Let m = -1006 - -1150. What is the remainder when m is divided by 77?
67
Suppose -4*m = -4*y + 48, -2*y - 6*m + 5*m = -18. Calculate the remainder when 24 is divided by y.
4
Let r(p) = -2*p**3 - 2*p**2 - p + 2. Let v be r(1). Suppose 0 = -0*h - h + 25. What is the remainder when h is divided by 10 + (3 - (3 - v))?
4
Let h(w) = -2*w**3 - w**2 + 1. Let d(c) = 3*c**3 + c - 2. Let q(r) = -3*d(r) - 4*h(r). What is the remainder when 20 is divided by q(1)?
0
Let m = -915 + 1229. Calculate the remainder when m is divided by 7.
6
Calculate the remainder when (1 - 24/15)*-15 is divided by 7.
2
Let q = 154 + -19. Suppose -2*u = 6, 0 = -2*a - u + 36 + q. Calculate the remainder when a is divided by 44.
43
Let y(i) = 8*